and g.
2
Suppose 4*g = 2*g + 10. Suppose -g*k - a = -48 - 43, 4*a = 4. Calculate the highest common factor of 36 and k.
18
Let v = 228 - 118. Let h(m) = -m**3 + 2*m**2 + 10*m + 2. Let p be h(4). What is the greatest common factor of p and v?
10
Let q(k) = -83*k + 2. Let s be q(-2). Calculate the highest common factor of s and 21.
21
Let t be -14*(3 - 6)/6. Calculate the highest common divisor of t and 21.
7
Let p be 12 - (8/4 - -1). Calculate the highest common divisor of p and 1.
1
Let s(n) = 3*n**2 + 2*n - 21. Let m be s(6). Calculate the highest common divisor of 11 and m.
11
Suppose 3*u + 24 = 6*u. Calculate the highest common divisor of u and 24.
8
Let a = -8 + 16. What is the greatest common divisor of a and 64?
8
Let x(h) = -h**2 + 16*h - 20. Let b be x(6). What is the highest common factor of 16 and b?
8
Let k be (0 + 60)*10/25. What is the greatest common factor of 120 and k?
24
Suppose -14 = -4*i + 3*i - 4*m, 0 = 5*m. What is the highest common divisor of 2 and i?
2
Suppose 0 = 2*o - 4, -o = 4*z - 3*o - 1004. What is the highest common factor of z and 28?
28
Suppose -v = 2*u - 1 - 2, -26 = -2*v + u. Let l(b) = 7*b**2 + 4*b + 3. Let r = -11 + 7. Let f be l(r). Calculate the greatest common factor of v and f.
11
Let b(z) = -z**2 - 6*z + 2. Let h be b(-6). Suppose 2*t - 84 - 78 = -3*u, t - 107 = -h*u. What is the greatest common divisor of u and 13?
13
Suppose 3*f - 3 = -v, 0 = -5*f + 3*f + 2. Suppose -5*z + 28 + 32 = v. What is the greatest common divisor of 4 and z?
4
Suppose -w - 1 = 5*r + 1, -4*r = 4*w - 24. Calculate the highest common divisor of w and 2.
2
Let o = -27 - -29. Suppose -2*r - 2*r = -16, -2*s + r = -12. Suppose 3*g + 1 = -l + s, 7 = 2*l - g. Calculate the highest common divisor of l and o.
2
Suppose a = 3*k - 5*k + 9, -5 = 5*k - 3*a. Suppose 0*o - k = -2*o. What is the greatest common divisor of o and 8?
1
Let k be -1 - -4*(-1 - -2). Suppose 2*w + 4*x - 4 = 0, 2*w = -0*w - k*x + 6. What is the highest common factor of 9 and w?
3
Let s be 2/2*(1 - -2). Suppose -6 = y - s*y. Suppose 14 = y*u - 22. Calculate the greatest common factor of u and 36.
12
Suppose -7*l + 58 = -5*l. What is the highest common factor of 116 and l?
29
Let u(m) = 4*m - 6. Let y be u(5). Let s be 4/y + (-152)/(-7). Suppose 66 = -5*k + 8*k. What is the highest common factor of s and k?
22
Suppose -3*d + 62 = -94. Let g be 2 + d/4 - -3. Calculate the highest common divisor of 162 and g.
18
Let v(m) = -m + 11. Let y = -4 - -12. Suppose -4*f = -t + 16, 0 = 4*f + 24 - y. Let z be v(t). Calculate the greatest common divisor of 1 and z.
1
Let r be (-10)/40 + (-66)/(-8). Suppose -5*a = -12 - r. What is the greatest common divisor of a and 8?
4
Suppose 0*t + 27 = 3*t. Let x be 10/(-6)*1*3. Let w be ((-378)/35)/(2/x). Calculate the greatest common factor of w and t.
9
Suppose 2*d = d + 1894. Let w be d/18 + 2/(-9). Calculate the greatest common factor of 42 and w.
21
Let a(g) = -g**2 - 5*g + 11. Let s be a(-6). What is the greatest common divisor of 3 and s?
1
Let a = -34 + 70. Let b(z) = -z - 5. Let s be b(-5). Suppose 8 = 4*w, 2*y + 4*w + 2 - 28 = s. What is the greatest common divisor of a and y?
9
Let v be ((-12)/(-24))/((-1)/(-4)). Let g = 11 + -9. What is the greatest common divisor of g and v?
2
Suppose -5*y - 69 = -3*s, 2*s + 2*y + 3*y - 21 = 0. Suppose d - 12 + 0 = 0. Calculate the highest common divisor of d and s.
6
Let m = 95 - 71. What is the highest common divisor of 192 and m?
24
Suppose 3*y - 575 = y - n, 2*n = 4*y - 1154. What is the highest common factor of 36 and y?
36
Let h = -1 + 1. Suppose h = 3*j - 5 - 13. What is the highest common factor of j and 15?
3
Suppose -x + 1 = -3. Suppose -x*z + 12 = b - 11, -z = 3*b - 3. What is the greatest common divisor of 12 and z?
6
Let t(p) = 3*p**3 + 2*p. Let i be t(2). What is the highest common factor of i and 252?
28
Let i = 15 - 7. Calculate the highest common factor of 32 and i.
8
Let x = -6 - -16. Suppose 2*i + 80 = 3*i + 3*u, -400 = -5*i + 4*u. Calculate the greatest common factor of x and i.
10
Let y(l) = l + 11. Let q be y(-9). Suppose i + 96 = 3*z, 3*z + 0*i - 93 = q*i. What is the highest common factor of 22 and z?
11
Let p(r) = 2*r**2 - 2*r - 7. Suppose 0 = a + 2*g + 25, 5*a - a + 90 = -3*g. Let j = a + 15. Let w be p(j). Calculate the highest common divisor of 11 and w.
11
Let r = 46 - 31. Suppose 4*h - 2 = -2*g - 0, h = 4*g - 13. Calculate the highest common factor of r and g.
3
Let g = 244 - 232. Let n be (-2)/6 - 38/(-6). Calculate the highest common divisor of n and g.
6
Let g be ((-208)/65)/((-2)/5). Calculate the highest common factor of g and 24.
8
Suppose -96*g = -102*g + 294. Calculate the highest common divisor of g and 7.
7
Suppose 0 = -5*d + 3*d + 4. Let y be ((-184)/(-16))/(1/d). What is the highest common factor of 184 and y?
23
Suppose -4*i - 20 = 0, 2*i + i - 3 = -3*d. Let g be (0 - 1)*(-1 - 20). Let a be 63/(g/6 - 2). Calculate the greatest common factor of d and a.
6
Let m(f) = -3*f + 2. Let l be m(3). Let d(h) = -3*h - 1. Let o be d(l). Let u be (-1)/(3/(-9)) + 2. What is the greatest common factor of o and u?
5
Let o = 15 + -15. Suppose o = j - 3*j + 4. What is the greatest common divisor of 14 and j?
2
Let q be 44/5 + 15/75. What is the highest common divisor of 54 and q?
9
Let h be ((-6)/4)/((-1)/2). Let n(f) = -1 + 2*f - h + 0*f - 6*f. Let b be n(-4). What is the highest common factor of 8 and b?
4
Suppose -16 + 1 = -w. Suppose -5*m - 2*d + 165 = 3*d, -5*d + 135 = 4*m. Calculate the greatest common factor of m and w.
15
Let x be (0 + 1)/((-1)/(-105)). Let p = 30 + 18. Suppose -n = 4*u - 171, 2*n = 5*u - 6*u + p. What is the highest common factor of u and x?
21
Let d = 14 - 43. Let q = -5 - d. What is the highest common factor of 36 and q?
12
Suppose 8*j - 68 = 220. What is the highest common divisor of 4 and j?
4
Suppose -4*v = 3*o - 37, 2*o - 4*v = -v + 2. What is the greatest common factor of o and 77?
7
Let o(j) = j - 3. Let a be o(8). What is the highest common divisor of a and 15?
5
Let q(n) = -5*n + 2. Let m be q(-2). Let j(t) = -5*t - 12. Let o be j(-6). What is the highest common divisor of o and m?
6
Let o be 0 - (2 + -1)*-80. What is the greatest common divisor of o and 10?
10
Suppose -3*t + 4*t = 3. Suppose b - 264 = -t*b. What is the greatest common divisor of 11 and b?
11
Suppose 7*k - 2*k - 3*s - 186 = 0, 4*k - 142 = -s. Calculate the highest common divisor of 72 and k.
36
Suppose 48 - 130 = -2*i. Let v = -19 + i. What is the greatest common factor of v and 55?
11
Suppose 0 = 2*c - 8, 0 = -2*b - c + 51 - 19. What is the highest common factor of b and 35?
7
Let f be (-15)/25 + 726/10. Suppose -i + 5*i - f = 0. Calculate the highest common factor of 72 and i.
18
Suppose 0 = -5*c + 3*c + 88. Let w be (8 + -13)*((-48)/15)/4. What is the greatest common factor of w and c?
4
Suppose -5*r + 74 = -2*c - 2*c, 4*r - 4*c - 56 = 0. Suppose -10620 = 13*x - 11*x. Let j be x/(-198) + 4/22. Calculate the highest common divisor of j and r.
9
Let p(a) = -5*a + 9. Let m be p(-7). Suppose 4 = 2*z - m. What is the highest common factor of 24 and z?
24
Let r(v) = -v**3 + 7*v**2 - 4*v + 13. Let a be r(6). What is the greatest common divisor of 5 and a?
5
Suppose 4*u - 71 = 25. Suppose 6 = 2*a + 3*o, a - u = -2*a + 3*o. Calculate the highest common divisor of a and 18.
6
Let r be (3/6)/(1/130). Let h be 3 + (14 + 0 - 4). Calculate the greatest common factor of h and r.
13
Let m(k) be the third derivative of 59*k**5/60 + k**4/24 + 2*k**2. Let t be m(1). What is the greatest common divisor of 12 and t?
12
Let g = -14 - -22. What is the greatest common factor of 8 and g?
8
Let v(k) = -k**2 + 16*k + 20. Let w be v(17). What is the greatest common factor of 21 and w?
3
Let o be 5*2/2 + 3. Let l be (14/o)/(3/192). Suppose 3*d - d - 28 = 0. Calculate the highest common factor of l and d.
14
Let f(y) = 9*y + 3. Let a be f(5). Suppose -4*x + u + 190 = -100, 5*u + 82 = x. What is the highest common factor of x and a?
24
Suppose 7*q - 315 = -42. What is the highest common factor of 13 and q?
13
Let v be (-2 - 7)*1*-2. Let w = v + -9. What is the greatest common divisor of 36 and w?
9
Suppose 160 = -0*l + 4*l. Suppose 0 = 5*a - 399 + 99. Calculate the greatest common divisor of l a